en z is divided by x?
10
Let o(d) = -d**2 + 7*d + 8. Let y(a) be the first derivative of -a**3/3 - 5*a**2 - 9*a + 2. Calculate the remainder when y(-6) is divided by o(7).
7
Let x = -4 - -7. Suppose -x*q + 20 = -37. What is the remainder when 36 is divided by q?
17
Let h = -20 - -12. Let z = h + 29. Calculate the remainder when z is divided by 12.
9
Let l(m) = -5*m**2 - 4*m - 1. Let y be l(-3). Let q = 87 + y. Let n(h) = -18*h**3 + h**2 - 1. Calculate the remainder when q is divided by n(-1).
17
Let k(c) = -c**3 + 7*c**2 - c + 10. Let d be k(7). Suppose 0 = d*n - 12, 3*v + 7 - 67 = 3*n. Calculate the remainder when 93 is divided by v.
21
Suppose d + 24 = 2*l, -3*l + 5*d + 50 = -0*d. Calculate the remainder when 35 is divided by l.
5
Let m(f) = f**3 + f**2 + f + 13. Let d(r) = -r + 6. Let y be d(7). Let u be 0/(y*2 + 1). Calculate the remainder when 38 is divided by m(u).
12
Let t = 216 - 134. What is the remainder when t is divided by 14?
12
Suppose -4*x - 36 = -3*l + x, 5*l - 50 = 5*x. What is the remainder when 26 is divided by l?
5
Suppose 3*c = 3*l, 5*l + 2*c = c - 6. Calculate the remainder when 3 is divided by (-9)/12*(l - 3).
0
Let g(n) = -7*n - 4. Calculate the remainder when 93 is divided by g(-4).
21
Let l(p) = -p**2 - 13*p - 11. Let y be -1 + 1 + 1 - 9. Calculate the remainder when l(y) is divided by 15.
14
Suppose 2 = -2*i - 3*q, -8*i + 6 = -3*i + 2*q. Calculate the remainder when 2 + 0*5/(-15) is divided by i.
0
Let i(a) be the second derivative of -a**5/20 - 2*a**4/3 - a**3/2 - 9*a**2/2 + 5*a. What is the remainder when i(-9) is divided by 25?
24
Let u(d) = d**2 - 4*d - 1. Let f(k) = 14*k**2 - k. What is the remainder when u(-5) is divided by f(-1)?
14
Let i(u) = 3*u - 9. What is the remainder when 17 is divided by i(5)?
5
Let b(w) = 3 + 6*w - 3 + 5*w. Calculate the remainder when b(1) is divided by (2 + -1)/((-2)/(-12)).
5
Let t = 25 + -12. What is the remainder when 61 is divided by t?
9
Let r be 31/(((-4)/6)/(-2)). Suppose -2*x + 138 = x. Let z = r - x. Calculate the remainder when z is divided by 16.
15
Suppose -b - 4*o + 5 = -2*o, -o - 11 = -4*b. Suppose b*r - 48 = 60. Calculate the remainder when r is divided by 19.
17
Suppose -2 = o - 3*o. What is the remainder when 37 is divided by (-147)/(-14) - o/2?
7
Let a(r) = 2*r**2 - 6*r + 1. Calculate the remainder when 35 is divided by a(4).
8
Suppose m + 2*p = -m - 30, 2*p = 8. Let f = 38 + m. Calculate the remainder when f is divided by 10.
9
Let y(z) = z**2 + 2*z + 3. Suppose 179 = 6*w - 31. What is the remainder when w is divided by y(-5)?
17
Let z = 2 - 3. Let c = 31 - z. Calculate the remainder when c is divided by 17.
15
Suppose -3*u = 3*u - 12. What is the remainder when 16/6*(-3)/(-2) is divided by u?
0
Let s(d) = d**3 + 18*d**2 + 16*d + 12. What is the remainder when s(-17) is divided by 11?
7
What is the remainder when 32 is divided by (55/(-10))/(3/(-6))?
10
Suppose -k = -8 - 7. Let n(a) = 2*a**2 - 5*a + 3. Calculate the remainder when k is divided by n(3).
3
Let j = 14 + -12. Suppose -2*r + r + j*c = -17, -2*c + 33 = r. What is the remainder when 122 is divided by r?
22
Suppose 5*o = 3*o - 8. Let u be (2*-1 - o) + -1. What is the remainder when u/(-2)*-2 - -22 is divided by 8?
7
Let t = 17 - 4. Calculate the remainder when 51 is divided by t.
12
Suppose 0 = 2*u - 7*u + 390. What is the remainder when u is divided by 20?
18
Let w(v) = -v**3 + 8*v**2 + 9*v + 1. Let o = -1 - -1. Suppose c - q = o, 2*c - c + 5*q - 12 = 0. Calculate the remainder when c is divided by w(9).
0
Let u(k) = -k + 6. Let o be u(6). Suppose -20 = -5*c - o*c. Suppose 3*n - 12 = 2*n - r, c*r = 0. Calculate the remainder when 33 is divided by n.
9
Suppose 3*a + 1 = 4*a. Let b = -1 + a. Suppose b = -3*n - 8 + 47. Calculate the remainder when 25 is divided by n.
12
Suppose 2*o + 0*o = 306. What is the remainder when o is divided by 31?
29
Suppose -q = -3*q + 8. Suppose 85 = 5*t - q*w, -3*w + 9 = -t + 37. Calculate the remainder when 23 is divided by t.
10
Let u = 10 + -5. Suppose -b = -2*f - 22, -3*b + 21 = -u*f - 45. What is the remainder when b is divided by (-6)/(-5)*60/9?
6
Let u(x) = x**2 - x - 1. Let w = 0 - -5. Suppose -5*y = 5*p - 170, -4*p + 162 = w*y - 3*p. Calculate the remainder when y is divided by u(-3).
10
Let i(n) = -n**2 + 9*n - 2. What is the remainder when 62 is divided by i(3)?
14
What is the remainder when 10/(-6)*(-36)/20 is divided by 1?
0
Let h = -112 - -158. Suppose -b = -0*b - 12. What is the remainder when h is divided by b?
10
Suppose -5 = 2*x + 1. Let z(j) = -2*j**3 - 5*j**2 - 2*j + 2. Calculate the remainder when 50 is divided by z(x).
16
Let t(c) = 5*c + 15. Let s(u) be the first derivative of -11*u**2/2 - 30*u + 2. Let a(p) = 4*s(p) + 9*t(p). What is the remainder when 28 is divided by a(0)?
13
Let q = 176 + -75. What is the remainder when q is divided by 13?
10
Suppose 4*u - 8 = 24. Let z = -13 + 28. Calculate the remainder when z is divided by u.
7
Suppose -b - b = -144. Suppose 0*l + 5*l - 90 = -4*n, -3*n = 4*l - b. Calculate the remainder when 316/6 + (-4)/6 is divided by l.
16
Let c be (6/(-9))/((-2)/(-12)). Let i = 15 + c. Calculate the remainder when 63 is divided by i.
8
Let m = 2 - 1. Let i(l) = l**3 - l**2 + 2*l - 1. Let c(y) = -y**2 - 3*y - 1. Let h be c(-2). What is the remainder when m is divided by i(h)?
0
Suppose -2*o = -5*p + 3*o + 40, -3*o = -15. Let j(r) = r**2 - 5*r - 2. What is the remainder when p is divided by j(6)?
1
Suppose -7 = -4*u + 57. What is the remainder when 109 is divided by u?
13
What is the remainder when 17 is divided by (5/10)/(2/24)?
5
Let w(l) = 5*l + 17. Calculate the remainder when w(5) is divided by 15.
12
Calculate the remainder when (6/8)/(15/160) is divided by 3.
2
Let t(v) = v**2 + 7*v - 11. Let m(b) = -b**3 - 6*b**2 + 7*b - 9. Let j be m(-7). Let u(d) = -3*d + 4. Calculate the remainder when u(-3) is divided by t(j).
6
Let y = 18 - -13. What is the remainder when y is divided by 17?
14
Suppose 3*s - s - 92 = 0. Calculate the remainder when s is divided by 17.
12
Let j = -46 - -172. What is the remainder when j is divided by 32?
30
Let y(q) = 2*q + 1. Let f be y(-3). Let k = f + 7. Suppose k*u + 0*u = 44. Calculate the remainder when u is divided by 12.
10
Suppose 0 = 2*i - 3 - 7. Suppose 2*w = 4*d + 120, 9 = -i*d - 6. Suppose -w = -7*r + 4*r. What is the remainder when 70 is divided by r?
16
Suppose l - 2 = 4. Suppose l*j = 3*j + 27. What is the remainder when 33 is divided by j?
6
Suppose 18 + 2 = -4*k. Let n = k - -5. Suppose n = -b + 2*b - 18. Calculate the remainder when 53 is divided by b.
17
Let w(t) = t**3 - 10*t**2 + t - 5. Let s be w(10). Suppose -136 = -s*z - 41. Suppose -3*n + z = -119. What is the remainder when n is divided by 16?
14
Let b = -406 - -425. Let l be (-119)/(-9) - 2/9. Let i = l - 6. Calculate the remainder when b is divided by i.
5
Suppose 23 = -2*n + 3. What is the remainder when 14/(-2)*1*n is divided by 18?
16
Suppose -4*j - v = v - 10, -5*v = -j + 19. Suppose 2*f + j = -2*f. Let q(d) = -36*d**3 - 2*d**2 - d. Calculate the remainder when q(f) is divided by 18.
17
Let j = 8 - 0. Calculate the remainder when 14 is divided by j.
6
Let j(d) = d + 12. Suppose -w + 0*c + c = 0, 2 = -5*w + 3*c. Let m = w - -35. What is the remainder when m is divided by j(0)?
10
Let m be (64/(16/(-4)))/(-2). Let d = 11 - m. What is the remainder when d is divided by 3?
0
Let a(x) be the third derivative of -x**6/120 + x**5/12 - x**4/12 - x**3/6 + x**2. What is the remainder when 21 is divided by a(3)?
10
Let l(v) = v**2 + 3*v. Let a be l(-3). Suppose -c + 2*c - 5*y - 68 = a, 2*y + 10 = 0. Calculate the remainder when c is divided by 22.
21
Suppose 6*r + 37 = 4*m + r, 2*m = 4*r + 26. Let z(d) = -2*d**2 + 5*d - 3. Let h be z(3). What is the remainder when 28 is divided by h*((-10)/m)/2?
8
Suppose 2*m = 0, 0*m + 3*m = -l + 35. What is the remainder when 68 is divided by l?
33
Let l = 28 + -18. Suppose 3*s - l = 2. What is the remainder when 9 is divided by s?
1
Let u = -1 - 4. Let v = u - -8. What is the remainder when 10 is divided by v?
1
Let k = -7 - -5. Let n(z) = 3*z. Let w be n(1). Calculate the remainder when w/k*8/(-6) is divided by 2.
0
Let q(l) = 8*l**2 - 3*l + 3. Let t be q(3). Suppose -t = -2*f - 10. Supp